digit of 2699185?
2
What is the hundred thousands digit of 329530?
3
What is the millions digit of 7622311?
7
What is the thousands digit of 5003013?
3
What is the hundreds digit of 8701374?
3
What is the thousands digit of 322941?
2
What is the hundreds digit of 636891?
8
What is the thousands digit of 2180195?
0
What is the units digit of 839150?
0
What is the tens digit of 5534235?
3
What is the tens digit of 22122382?
8
What is the hundred thousands digit of 3852720?
8
What is the hundreds digit of 1297638?
6
What is the hundred thousands digit of 8811186?
8
What is the millions digit of 1088831?
1
What is the millions digit of 2093271?
2
What is the units digit of 3101325?
5
What is the hundreds digit of 3061867?
8
What is the hundred thousands digit of 1949020?
9
What is the ten millions digit of 17938846?
1
What is the ten millions digit of 13320750?
1
What is the millions digit of 31420886?
1
What is the units digit of 137910?
0
What is the thousands digit of 289701?
9
What is the units digit of 487182?
2
What is the millions digit of 4397463?
4
What is the hundred thousands digit of 1987794?
9
What is the units digit of 78281?
1
What is the hundred thousands digit of 19059513?
0
What is the thousands digit of 464062?
4
What is the units digit of 365463?
3
What is the tens digit of 5367503?
0
What is the ten thousands digit of 1110427?
1
What is the millions digit of 26227958?
6
What is the units digit of 664473?
3
What is the millions digit of 6619919?
6
What is the thousands digit of 94231?
4
What is the hundreds digit of 664373?
3
What is the thousands digit of 149116?
9
What is the hundreds digit of 4226969?
9
What is the hundreds digit of 187728?
7
What is the thousands digit of 339189?
9
What is the hundred thousands digit of 1307557?
3
What is the ten thousands digit of 41690?
4
What is the hundreds digit of 3264749?
7
What is the tens digit of 5050843?
4
What is the millions digit of 1030879?
1
What is the ten thousands digit of 186720?
8
What is the tens digit of 979289?
8
What is the units digit of 318295?
5
What is the tens digit of 7709908?
0
What is the millions digit of 1541029?
1
What is the tens digit of 97662?
6
What is the millions digit of 5686077?
5
What is the thousands digit of 2028174?
8
What is the units digit of 1265323?
3
What is the hundred thousands digit of 497448?
4
What is the units digit of 1000555?
5
What is the hundreds digit of 22134379?
3
What is the thousands digit of 17124883?
4
What is the ten thousands digit of 138917?
3
What is the ten thousands digit of 124165?
2
What is the thousands digit of 14730907?
0
What is the hundreds digit of 379671?
6
What is the thousands digit of 114344?
4
What is the ten thousands digit of 106811?
0
What is the ten thousands digit of 2529142?
2
What is the tens digit of 2396346?
4
What is the hundred thousands digit of 3611738?
6
What is the thousands digit of 20518763?
8
What is the hundreds digit of 326948?
9
What is the tens digit of 272134?
3
What is the units digit of 731528?
8
What is the units digit of 3395503?
3
What is the thousands digit of 336427?
6
What is the thousands digit of 1811241?
1
What is the tens digit of 1003226?
2
What is the tens digit of 209845?
4
What is the millions digit of 1335074?
1
What is the tens digit of 2580561?
6
What is the tens digit of 6574072?
7
What is the tens digit of 5149867?
6
What is the ten thousands digit of 71908?
7
What is the tens digit of 11390680?
8
What is the thousands digit of 160902?
0
What is the hundreds digit of 240404?
4
What is the ten thousands digit of 260701?
6
What is the tens digit of 1387061?
6
What is the units digit of 428028?
8
What is the units digit of 2002465?
5
What is the tens digit of 646318?
1
What is the hundred thousands digit of 637965?
6
What is the ten thousands digit of 148946?
4
What is the hundred thousands digit of 2704314?
7
What is the thousands digit of 847597?
7
What is the hundred thousands digit of 8609275?
6
What is the ten thousands digit of 338137?
3
What is the tens digit of 676444?
4
What is the tens digit of 1934469?
6
What is the tens digit of 1458078?
7
What is the units digit of 11411154?
4
What is the units digit of 319178?
8
What is the ten thousands digit of 1220176?
2
What is the hundreds digit of 123461?
4
What is the millions digit of 2390056?
2
What is the hundred thousands digit of 507575?
5
What is the thousands digit of 342015?
2
What is the thousands digit of 1368749?
8
What is the hundred thousands digit of 33024955?
0
What is the tens digit of 29444?
4
What is the ten thousands digit of 3904371?
0
What is the ten thousands digit of 181940?
8
What is the hundreds digit of 29876745?
7
What is the hundred thousands digit of 3360926?
3
What is the tens digit of 3346674?
7
What is the thousands digit of 3155838?
5
What is the hundreds digit of 379173?
1
What is the hundred thousands digit of 1048919?
0
What is the ten millions digit of 11061455?
1
What is the units digit of 755640?
0
What is the millions digit of 27921273?
7
What is the hundred thousands digit of 2087970?
0
What is the millions digit of 1153540?
1
What is the millions digit of 7676739?
7
What is the thousands digit of 7221087?
1
What is the hundred thousands digit of 325684?
3
What is the ten thousands digit of 227131?
2
What is the millions digit of 2127437?
2
What is the thousands digit of 60044?
0
What is the hundred thousands digit of 158665?
1
What is the ten thousands digit of 26985186?
8
What is the ten thousands digit of 956908?
5
What is the thousands digit of 7080025?
0
What is the tens digit of 350582?
8
What is the units digit of 3495368?
8
What is the thousands digit of 49838?
9
What is the hundreds digit of 353842?
8
What is the ten thousands digit of 238012?
3
What is the units digit of 3792014?
4
What is the thousands digit of 374688?
4
What is the units digit of 5279338?
8
What is the tens digit of 5434019?
1
What is the thousands digit of 32478337?
8
What is the thousands digit of 258398?
8
What is the tens digit of 574797?
9
What is the hundreds digit of 7767063?
0
What is the ten thousands digit of 237101?
3
What is the units digit of 1798589?
9
What is the ten thousands digit of 1700083?
0
What is the hundreds digit of 1779235?
2
What is the ten millions digit of 13338895?
1
What is the hundreds digit of 203127?
1
What is the hundreds digit of 1071561?
5
What is the thousands digit of 641113?
1
What is the hundred thousands digit of 2567899?
5
What is the hundred thousands digit of 7055147?
0
What is the thousands digit of 1955531?
5
What is the hundreds digit of 1645602?
6
What is the tens digit of 514848?
4
What is the hundred thousands digit of 380045?
3
What is the hundred thousands digit of 477591?
4
What is the hundreds digit of 466704?
7
What is the units digit of 454260?
0
What is the units digit of 3511060?
0
What is the units digit of 344891?
1
What is the hundred thousands digit of 12374836?
3
What is the millions digit of 1325587?
1
What is the hundred thousands digit of 417767?
4
What is the millions digit of 5917549?
5
What is the hundreds digit of 1121502?
5
What is the ten thousands digit of 1456980?
5
What is the tens digit of 192487?
8
What is the hundred thousands digit of 2864179?
8
What is the thousands digit of 42381?
2
What is the ten thousands digit of 934850?
3
What is the tens digit of 2582808?
0
What is the hundreds digit of 455886?
8
What is the hundreds digit of 12412219?
2
What is the hundred thousands digit of 285018?
2
What is the hundred thousands digit of 1955863?
9
What is the tens digit of 3877612?
1
What is the millions digit of 2602027?
2
What is the ten millions digit of 24868749?
2
What is the units digit of 234985?
5
What is the ten thousands digit of 1414182?
1
What is the hundred thousands digit of 199011?
1
What is the tens digit of 20151?
5
What is the units digit of 782083?
3
What is the hundred thousands digit of 8033715?
0
What is the hundreds digit of 7284806?
8
What is the millions digit of 3756977?
3
What is the hundred thousands digit of 687518?
6
What is the millions digit of 9214210?
9
What is the thousands digit of 5262863?
2
What is the ten thousands digit of 52493?
5
What is the units digit of 6433511?
1
Wha